?
190
Calculate the greatest common divisor of 24 and 79512.
24
Calculate the greatest common divisor of 2805 and 97680.
165
Calculate the greatest common divisor of 2288 and 396.
44
Calculate the highest common factor of 417 and 142892.
139
What is the highest common divisor of 127638 and 14?
14
Calculate the highest common factor of 147 and 2891.
49
Calculate the greatest common divisor of 767 and 270869.
59
Calculate the greatest common factor of 8268 and 96.
12
What is the highest common factor of 6644 and 13892?
604
What is the highest common divisor of 289936 and 24?
8
What is the greatest common factor of 1024 and 32064?
64
What is the highest common divisor of 88 and 7271?
11
What is the greatest common factor of 93373 and 21?
7
What is the highest common divisor of 30 and 43965?
15
Calculate the greatest common divisor of 441 and 105.
21
What is the greatest common factor of 8089767 and 189?
189
What is the highest common factor of 969 and 216189?
51
Calculate the highest common factor of 342 and 2888.
38
What is the greatest common factor of 382520 and 800?
40
Calculate the greatest common divisor of 125 and 832625.
125
What is the greatest common factor of 148 and 46916?
148
Calculate the greatest common divisor of 18094 and 218.
218
Calculate the greatest common divisor of 2175 and 7090500.
2175
Calculate the highest common factor of 318626 and 154.
154
Calculate the greatest common divisor of 5472 and 34848.
288
What is the greatest common factor of 3036 and 4488?
132
Calculate the greatest common divisor of 30 and 99438.
6
Calculate the highest common divisor of 204 and 7476.
12
Calculate the greatest common factor of 14677 and 52.
13
What is the highest common factor of 1262 and 254293?
631
Calculate the highest common factor of 611 and 1164613.
47
Calculate the highest common divisor of 19159 and 3247.
17
Calculate the highest common divisor of 80574 and 1950.
78
Calculate the greatest common divisor of 544 and 14048.
32
Calculate the highest common factor of 34235 and 205.
205
Calculate the highest common divisor of 1591 and 6407.
43
What is the greatest common divisor of 86339 and 517?
517
What is the greatest common divisor of 365 and 11169?
73
What is the greatest common divisor of 98217 and 6?
3
What is the greatest common divisor of 4462285 and 5?
5
Calculate the greatest common divisor of 69 and 275586.
69
What is the highest common divisor of 126 and 34902?
126
What is the greatest common divisor of 14560 and 103285?
455
What is the greatest common factor of 10419810 and 510?
510
What is the highest common divisor of 4223 and 927?
103
What is the greatest common divisor of 1519077 and 189?
21
What is the highest common divisor of 1395 and 1680?
15
Calculate the greatest common divisor of 179955 and 210.
15
What is the highest common factor of 642 and 601554?
642
Calculate the highest common factor of 692 and 2137588.
692
What is the greatest common divisor of 9650 and 2850?
50
Calculate the greatest common divisor of 1050 and 42150.
150
Calculate the greatest common factor of 5945 and 58.
29
Calculate the greatest common factor of 672 and 114912.
672
Calculate the highest common divisor of 4592 and 136038.
574
What is the highest common divisor of 381360 and 20?
20
Calculate the greatest common factor of 4 and 132082.
2
What is the highest common divisor of 13511 and 916?
229
Calculate the greatest common factor of 2976 and 14016.
96
What is the greatest common factor of 144384 and 4?
4
What is the highest common factor of 207 and 228267?
9
Calculate the highest common divisor of 1510 and 64140.
10
Calculate the highest common factor of 27 and 744660.
27
What is the greatest common divisor of 94815 and 539?
49
What is the greatest common divisor of 3024 and 270?
54
Calculate the greatest common factor of 923 and 59711.
71
Calculate the greatest common divisor of 312 and 200.
8
What is the highest common factor of 590023 and 651?
217
Calculate the highest common divisor of 2238 and 372627.
1119
What is the greatest common divisor of 7636 and 228?
4
What is the greatest common divisor of 38 and 1626913?
19
What is the highest common divisor of 2259 and 199545?
753
What is the highest common factor of 336282 and 738?
246
What is the greatest common factor of 51915 and 6?
3
What is the greatest common divisor of 48 and 213960?
24
Calculate the greatest common factor of 684 and 14148.
36
What is the greatest common divisor of 1108 and 4?
4
Calculate the greatest common factor of 66008 and 2072.
296
Calculate the highest common factor of 156 and 2311452.
156
What is the highest common factor of 434182 and 28?
14
Calculate the greatest common factor of 3915 and 21895.
145
Calculate the highest common divisor of 828 and 27.
9
Calculate the highest common factor of 1120538 and 34.
34
Calculate the highest common divisor of 1250 and 5050.
50
Calculate the greatest common divisor of 70 and 86695.
35
What is the greatest common divisor of 58668 and 204?
12
Calculate the greatest common divisor of 7566 and 651937.
1261
Calculate the greatest common divisor of 216792 and 48.
24
Calculate the highest common divisor of 3432 and 7293.
429
What is the highest common divisor of 139 and 296209?
139
Calculate the highest common factor of 83 and 1498482.
83
Calculate the greatest common factor of 332 and 224598.
166
What is the highest common divisor of 671 and 581086?
671
Calculate the greatest common factor of 203 and 6989.
29
What is the highest common divisor of 2247 and 63?
21
What is the highest common divisor of 2736 and 1141596?
684
Calculate the highest common divisor of 40108 and 740.
148
What is the highest common factor of 12596 and 44?
4
What is the greatest common factor of 67134 and 2814?
402
What is the greatest common divisor of 52334 and 764?
382
What is the highest common divisor of 403 and 546?
13
Calculate the greatest common divisor of 6103 and 238.
17
What is the greatest common divisor of 36823 and 138?
23
Calculate the greatest common divisor of 443073 and 2712.
339
Calculate the highest common factor of 33227 and 15833.
223
Calculate the highest common factor of 2135 and 3115.
35
Calculate the highest common factor of 8917 and 1205.
241
Calculate the highest common factor of 11 and 455290.
11
Calculate the greatest common factor of 81490 and 8992.
562
Calculate the highest common divisor of 229 and 196024.
229
What is the highest common factor of 22842 and 141?
141
Calculate the greatest common divisor of 2354600 and 50.
50
What is the greatest common factor of 24996 and 324?
12
What is the highest common factor of 687152 and 2144?
1072
Calculate the highest common divisor of 556 and 3106094.
278
Calculate the greatest common divisor of 59345 and 8910.
55
What is the highest common factor of 114 and 12822?
6
Calculate the highest common factor of 65 and 75491.
13
Calculate the highest common divisor of 220600 and 2100.
100
Calculate the highest common factor of 81 and 148104.
9
What is the greatest common divisor of 40 and 560540?
20
What is the greatest common factor of 50737 and 226?
113
What is the greatest common factor of 44639 and 49?
49
What is the greatest common factor of 1406 and 5476?
74
What is the highest common divisor of 12264 and 168?
168
What is the highest common divisor of 550 and 40304?
22
Calculate the greatest common factor of 1194 and 48158.
398
What is the highest common divisor of 1168 and 12337?
73
What is the highest common factor of 120 and 25068?
12
Calculate the greatest common factor of 1017 and 9081.
9
Calculate the highest common factor of 87840 and 252.
36
What is the greatest common factor of 1617588 and 63?
63
Calculate the highest common divisor of 1204 and 31906.
602
Calculate the highest common divisor of 1175056 and 4.
4
Calculate the greatest common divisor of 705 and 1215.
15
What is the greatest common divisor of 69 and 2832?
3
Calculate the greatest common divisor of 259363 and 3091.
281
Calculate the greatest common divisor of 389504 and 119.
17
Calculate the highest common factor of 117 and 15599142.
117
Calculate the highest common factor of 8 and 76800.
8
What is the greatest common divisor of 52138 and 7860?
262
What is the greatest common factor of 41525 and 50?